{"id":210,"date":"2016-11-16T17:23:43","date_gmt":"2016-11-16T19:23:43","guid":{"rendered":"http:\/\/senar.agropecuaria.ws\/?page_id=210"},"modified":"2016-11-18T15:39:35","modified_gmt":"2016-11-18T17:39:35","slug":"serie-metodologica","status":"publish","type":"page","link":"https:\/\/www.sistemafaeal.org.br\/senar\/atuacao\/serie-metodologica\/","title":{"rendered":"S\u00e9rie Metodol\u00f3gica"},"content":{"rendered":"<p>Abaixo voc\u00ea ter\u00e1 acesso a todas informa\u00e7\u00f5es sobre a S\u00e9rie Metodol\u00f3gica do SENAR.<\/p>\n<ul>\n<li><a href=\"http:\/\/senar.agropecuaria.ws\/wp-content\/uploads\/2016\/11\/SERIE_METODOLOGICA_VOL_1_2016web.pdf\">S\u00e9rie Metodol\u00f3gica Volume 1 \/ 2016<\/a><\/li>\n<li><a href=\"http:\/\/senar.agropecuaria.ws\/wp-content\/uploads\/2016\/11\/SERIE_METODOLOGICA_VOL_2_2016web.pdf\">S\u00e9rie Metodol\u00f3gica Volume 2 \/ 2016<\/a><\/li>\n<li><a href=\"http:\/\/senar.agropecuaria.ws\/wp-content\/uploads\/2016\/11\/SERIE_METODOLOGICA_VOL_3_2016web.pdf\">S\u00e9rie Metodol\u00f3gica Volume 3 \/ 2016<\/a><\/li>\n<li><a href=\"http:\/\/senar.agropecuaria.ws\/wp-content\/uploads\/2016\/11\/SERIE_METODOLOGICA_VOL_4_2016web.pdf\">S\u00e9rie Metodol\u00f3gica Volume 4 \/ 2016<\/a><\/li>\n<li><a href=\"http:\/\/senar.agropecuaria.ws\/wp-content\/uploads\/2016\/11\/SERIE_METODOLOGICA_VOL_5_2016web.pdf\">S\u00e9rie Metodol\u00f3gica Volume 5 \/ 2016<\/a><\/li>\n<\/ul>\n","protected":false},"excerpt":{"rendered":"<p>Abaixo voc\u00ea ter\u00e1 acesso a todas informa\u00e7\u00f5es sobre a S\u00e9rie Metodol\u00f3gica do SENAR. S\u00e9rie Metodol\u00f3gica Volume 1 \/ 2016 S\u00e9rie Metodol\u00f3gica Volume 2 \/ 2016 S\u00e9rie Metodol\u00f3gica Volume 3 \/ 2016 S\u00e9rie Metodol\u00f3gica Volume 4 \/ 2016 S\u00e9rie Metodol\u00f3gica Volume 5 \/ 2016<\/p>\n","protected":false},"author":1,"featured_media":0,"parent":205,"menu_order":0,"comment_status":"closed","ping_status":"closed","template":"page-pagebuilder-title.php","meta":{"footnotes":""},"class_list":["post-210","page","type-page","status-publish","hentry"],"_links":{"self":[{"href":"https:\/\/www.sistemafaeal.org.br\/senar\/wp-json\/wp\/v2\/pages\/210","targetHints":{"allow":["GET"]}}],"collection":[{"href":"https:\/\/www.sistemafaeal.org.br\/senar\/wp-json\/wp\/v2\/pages"}],"about":[{"href":"https:\/\/www.sistemafaeal.org.br\/senar\/wp-json\/wp\/v2\/types\/page"}],"author":[{"embeddable":true,"href":"https:\/\/www.sistemafaeal.org.br\/senar\/wp-json\/wp\/v2\/users\/1"}],"replies":[{"embeddable":true,"href":"https:\/\/www.sistemafaeal.org.br\/senar\/wp-json\/wp\/v2\/comments?post=210"}],"version-history":[{"count":0,"href":"https:\/\/www.sistemafaeal.org.br\/senar\/wp-json\/wp\/v2\/pages\/210\/revisions"}],"up":[{"embeddable":true,"href":"https:\/\/www.sistemafaeal.org.br\/senar\/wp-json\/wp\/v2\/pages\/205"}],"wp:attachment":[{"href":"https:\/\/www.sistemafaeal.org.br\/senar\/wp-json\/wp\/v2\/media?parent=210"}],"curies":[{"name":"wp","href":"https:\/\/api.w.org\/{rel}","templated":true}]}}