{"id":232,"date":"2016-11-16T17:30:33","date_gmt":"2016-11-16T19:30:33","guid":{"rendered":"http:\/\/senar.agropecuaria.ws\/?page_id=232"},"modified":"2016-11-24T17:03:47","modified_gmt":"2016-11-24T19:03:47","slug":"programas","status":"publish","type":"page","link":"https:\/\/www.sistemafaeal.org.br\/senar\/atuacao\/promocao-social\/programas\/","title":{"rendered":"Cursos"},"content":{"rendered":"<p><strong>1 &#8211; <u>Sa\u00fade<\/u>:<\/strong><\/p>\n<p>As atividades relacionadas a esta \u00e1rea devem ter enfoque educativo e preventivo nos diversos aspectos da sa\u00fade f\u00edsica, mental e social da popula\u00e7\u00e3o rural.<\/p>\n<p>1.1 &#8211; Sa\u00fade e alimenta\u00e7\u00e3o<\/p>\n<p>1.2 &#8211; Preven\u00e7\u00e3o de Acidentes<\/p>\n<p><strong>2- <u>Alimenta\u00e7\u00e3o e Nutri\u00e7\u00e3o<\/u>:<\/strong><\/p>\n<p>As atividades relacionadas a esta \u00e1rea devem ter car\u00e1ter educativo fornecendo informa\u00e7\u00f5es b\u00e1sicas e serem voltadas para o consumo familiar, possibilitando ganhos econ\u00f4micos diretos e indiretos para a fam\u00edlia rural.<\/p>\n<p>2.1 &#8211; No\u00e7\u00f5es b\u00e1sicas de nutri\u00e7\u00e3o e alimenta\u00e7\u00e3o<\/p>\n<p>2.2 &#8211; Higiene, conserva\u00e7\u00e3o e armazenamento de alimentos<\/p>\n<p>2.3 &#8211; Planejamento e aproveitamento de alimentos<\/p>\n<p>2.4 &#8211; Produ\u00e7\u00e3o caseira de alimentos<\/p>\n<p>&nbsp;<\/p>\n<p>&nbsp;<\/p>\n<p>&nbsp;<\/p>\n<p>Alimenta\u00e7\u00e3o Alternativa<\/p>\n<p>Arte Culin\u00e1ria \u2013 Bolos Simples e Tortas<\/p>\n<p>Arte Culin\u00e1ria \u2013 Doce e Salgados<\/p>\n<p>Arte Culin\u00e1ria Regional<\/p>\n<p>Fabrica\u00e7\u00e3o de Biscoitos<\/p>\n<p><strong>3 &#8211; <u>Artesanato<\/u>:<\/strong><\/p>\n<p>As atividades relacionadas a esta \u00e1rea visam estimular e aprimorar a qualidade do artesanato, conservando as caracter\u00edsticas e as express\u00f5es culturais, preservando e propagando a cultura e as tradi\u00e7\u00f5es regionais.<\/p>\n<p>3.1 &#8211; Artesanato Bijuteria<\/p>\n<p>3.2 &#8211; Artesanato Cestaria em Jornal<\/p>\n<p>3.3 &#8211; Artesanato de Croch\u00ea<\/p>\n<p>3.4 &#8211; Artesanato em Coco<\/p>\n<p>3.5 &#8211; Artesanato em Madeira<\/p>\n<p>3.6 &#8211; Artesanato Fil\u00e9<\/p>\n<p>3.7 &#8211; Artesanato Flores Artificiais<\/p>\n<p>3.8 &#8211; Artesanato Material Recicl\u00e1vel<\/p>\n<p>3.9 &#8211; Artesanato Palha e Fibra da Bananeira<\/p>\n<p>3.10 &#8211; Artesanato Sand\u00e1lias e Bolsas<\/p>\n<p>3.11 &#8211; Artesanato de Tecido<\/p>\n<p>3.12 &#8211; Corte e Costura:<\/p>\n<p>&#8211; B\u00e1sico<\/p>\n<p>&#8211; Moda \u00cdntima<\/p>\n<p>&#8211; Moda Praia<\/p>\n<p>3.13 &#8211; Biscuit<\/p>\n<p>3.14 &#8211; Boneca<\/p>\n<p>3.15 &#8211; Bordados:<\/p>\n<p>Ponto Cruz<\/p>\n<p>Redend\u00ea<\/p>\n<p>Vagonite<\/p>\n<p>Renascen\u00e7a<\/p>\n<p>Macram\u00e9<\/p>\n<p>Labirinto<\/p>\n<p>Singeleza<\/p>\n<p>3.16 &#8211; Pintura em Tecido<\/p>\n<p>3.17 &#8211; Tape\u00e7aria<\/p>\n<p><strong>4- <u>Organiza\u00e7\u00e3o Comunit\u00e1ria<\/u>:<\/strong><\/p>\n<p>As atividades relacionadas a esta \u00e1rea visam contribuir com a melhoria da qualidade de vida, estimulando e orientando o desenvolvimento comunit\u00e1rio.<\/p>\n<p>&nbsp;<\/p>\n<p>4.1 &#8211; Associativismo<\/p>\n<p>4.2 &#8211; Cooperativismo<\/p>\n<p><strong>5 &#8211; <u>Educa\u00e7\u00e3o<\/u>:<\/strong><\/p>\n<p>A atividade relacionada a esta \u00e1rea possibilita a leitura, a escrita, \u00e0 compreens\u00e3o do texto e do contexto, al\u00e9m da realiza\u00e7\u00e3o de opera\u00e7\u00f5es matem\u00e1ticas b\u00e1sicas.<\/p>\n<p>5.1 <strong>&#8211; <\/strong>Alfabetiza\u00e7\u00e3o de Jovens e Adultos<\/p>\n","protected":false},"excerpt":{"rendered":"<p>1 &#8211; Sa\u00fade: As atividades relacionadas a esta \u00e1rea devem ter enfoque educativo e preventivo nos diversos aspectos da sa\u00fade f\u00edsica, mental e social da popula\u00e7\u00e3o rural. 1.1 &#8211; Sa\u00fade e alimenta\u00e7\u00e3o 1.2 &#8211; Preven\u00e7\u00e3o de Acidentes 2- Alimenta\u00e7\u00e3o e Nutri\u00e7\u00e3o: As atividades relacionadas a esta \u00e1rea devem ter car\u00e1ter educativo fornecendo informa\u00e7\u00f5es b\u00e1sicas e [&hellip;]<\/p>\n","protected":false},"author":1,"featured_media":0,"parent":224,"menu_order":0,"comment_status":"closed","ping_status":"closed","template":"page-pagebuilder-title.php","meta":{"footnotes":""},"class_list":["post-232","page","type-page","status-publish","hentry"],"_links":{"self":[{"href":"https:\/\/www.sistemafaeal.org.br\/senar\/wp-json\/wp\/v2\/pages\/232","targetHints":{"allow":["GET"]}}],"collection":[{"href":"https:\/\/www.sistemafaeal.org.br\/senar\/wp-json\/wp\/v2\/pages"}],"about":[{"href":"https:\/\/www.sistemafaeal.org.br\/senar\/wp-json\/wp\/v2\/types\/page"}],"author":[{"embeddable":true,"href":"https:\/\/www.sistemafaeal.org.br\/senar\/wp-json\/wp\/v2\/users\/1"}],"replies":[{"embeddable":true,"href":"https:\/\/www.sistemafaeal.org.br\/senar\/wp-json\/wp\/v2\/comments?post=232"}],"version-history":[{"count":0,"href":"https:\/\/www.sistemafaeal.org.br\/senar\/wp-json\/wp\/v2\/pages\/232\/revisions"}],"up":[{"embeddable":true,"href":"https:\/\/www.sistemafaeal.org.br\/senar\/wp-json\/wp\/v2\/pages\/224"}],"wp:attachment":[{"href":"https:\/\/www.sistemafaeal.org.br\/senar\/wp-json\/wp\/v2\/media?parent=232"}],"curies":[{"name":"wp","href":"https:\/\/api.w.org\/{rel}","templated":true}]}}