{"id":424,"date":"2016-11-28T15:47:07","date_gmt":"2016-11-28T17:47:07","guid":{"rendered":"http:\/\/senar.agropecuaria.ws\/?page_id=424"},"modified":"2016-11-28T15:47:07","modified_gmt":"2016-11-28T17:47:07","slug":"apicultura-basica","status":"publish","type":"page","link":"https:\/\/www.sistemafaeal.org.br\/senar\/atuacao\/formacao-profissional-rural\/cursos\/apicultura-basica\/","title":{"rendered":"Apicultura B\u00e1sica"},"content":{"rendered":"<p style=\"text-align: justify;\"><strong>Objetivo:<\/strong> Capacitar o produtor e\/ou trabalhador na cria\u00e7\u00e3o de abelhas para produ\u00e7\u00e3o de mel.<\/p>\n<p style=\"text-align: justify;\"><strong>Justificativa:<\/strong> A apicultura no estado de Alagoas evidenciou um significativo crescimento na produ\u00e7\u00e3o de mel, que \u00e9 um alimento saboroso e de alta qualidade prot\u00e9ica, tamb\u00e9m gera um produto de f\u00e1cil comercializa\u00e7\u00e3o e isso influencia positivamente na manuten\u00e7\u00e3o alimentar e gera\u00e7\u00e3o de renda.<\/p>\n<p style=\"text-align: justify;\"><strong>Conte\u00fado program\u00e1tico do curso:<\/strong><\/p>\n<p style=\"text-align: justify;\">&#8211; Acordo de conviv\u00eancia<\/p>\n<p style=\"text-align: justify;\">&#8211; Apresenta\u00e7\u00e3o SENAR<\/p>\n<p style=\"text-align: justify;\">&#8211; Higiene pessoal, ambiente, equipamentos<\/p>\n<p style=\"text-align: justify;\">&#8211; Educa\u00e7\u00e3o ambiental<\/p>\n<p style=\"text-align: justify;\">&#8211; Hist\u00f3rico da apicultura no Brasil<\/p>\n<p style=\"text-align: justify;\">&#8211; Pastagem ap\u00edcola<\/p>\n<p style=\"text-align: justify;\">&#8211; Produtos ap\u00edcolas<\/p>\n<p style=\"text-align: justify;\">&#8211; Manejo de api\u00e1rio: revis\u00e3o e manejo de colm\u00e9ias<\/p>\n<p style=\"text-align: justify;\">&#8211; Uso de E.P.I<\/p>\n<p style=\"text-align: justify;\">&#8211; Controle de pragas e doen\u00e7as<\/p>\n<p style=\"text-align: justify;\">&#8211; Inimigos naturais<\/p>\n<p style=\"text-align: justify;\">&#8211; Localiza\u00e7\u00e3o e instala\u00e7\u00e3o do api\u00e1rio<\/p>\n<p style=\"text-align: justify;\">&#8211; Coleta e comercializa\u00e7\u00e3o<\/p>\n<p style=\"text-align: justify;\">&#8211; Avalia\u00e7\u00e3o individual<\/p>\n<p style=\"text-align: justify;\"><strong>Carga hor\u00e1ria:<\/strong> <strong>32 horas<\/strong><\/p>\n<p style=\"text-align: justify;\"><strong>Participantes:<\/strong> m\u00ednimo 15, m\u00e1ximo 18.<\/p>\n<p style=\"text-align: justify;\"><strong>Pr\u00e9-Requisitos: Ser Alfabetizado; N\u00e3o ser totalmente incapaz e ter idade m\u00ednima de 18 anos. <\/strong><\/p>\n","protected":false},"excerpt":{"rendered":"<p>Objetivo: Capacitar o produtor e\/ou trabalhador na cria\u00e7\u00e3o de abelhas para produ\u00e7\u00e3o de mel. Justificativa: A apicultura no estado de Alagoas evidenciou um significativo crescimento na produ\u00e7\u00e3o de mel, que \u00e9 um alimento saboroso e de alta qualidade prot\u00e9ica, tamb\u00e9m gera um produto de f\u00e1cil comercializa\u00e7\u00e3o e isso influencia positivamente na manuten\u00e7\u00e3o alimentar e gera\u00e7\u00e3o [&hellip;]<\/p>\n","protected":false},"author":1,"featured_media":0,"parent":220,"menu_order":0,"comment_status":"closed","ping_status":"closed","template":"","meta":{"footnotes":""},"class_list":["post-424","page","type-page","status-publish","hentry"],"_links":{"self":[{"href":"https:\/\/www.sistemafaeal.org.br\/senar\/wp-json\/wp\/v2\/pages\/424","targetHints":{"allow":["GET"]}}],"collection":[{"href":"https:\/\/www.sistemafaeal.org.br\/senar\/wp-json\/wp\/v2\/pages"}],"about":[{"href":"https:\/\/www.sistemafaeal.org.br\/senar\/wp-json\/wp\/v2\/types\/page"}],"author":[{"embeddable":true,"href":"https:\/\/www.sistemafaeal.org.br\/senar\/wp-json\/wp\/v2\/users\/1"}],"replies":[{"embeddable":true,"href":"https:\/\/www.sistemafaeal.org.br\/senar\/wp-json\/wp\/v2\/comments?post=424"}],"version-history":[{"count":0,"href":"https:\/\/www.sistemafaeal.org.br\/senar\/wp-json\/wp\/v2\/pages\/424\/revisions"}],"up":[{"embeddable":true,"href":"https:\/\/www.sistemafaeal.org.br\/senar\/wp-json\/wp\/v2\/pages\/220"}],"wp:attachment":[{"href":"https:\/\/www.sistemafaeal.org.br\/senar\/wp-json\/wp\/v2\/media?parent=424"}],"curies":[{"name":"wp","href":"https:\/\/api.w.org\/{rel}","templated":true}]}}