{"id":460,"date":"2016-11-28T16:03:30","date_gmt":"2016-11-28T18:03:30","guid":{"rendered":"http:\/\/senar.agropecuaria.ws\/?page_id=460"},"modified":"2016-11-28T16:03:30","modified_gmt":"2016-11-28T18:03:30","slug":"fruticultura-enxertia","status":"publish","type":"page","link":"https:\/\/www.sistemafaeal.org.br\/senar\/atuacao\/formacao-profissional-rural\/cursos\/fruticultura-enxertia\/","title":{"rendered":"Fruticultura Enxertia"},"content":{"rendered":"<p style=\"text-align: justify;\"><strong>Objetivo:<\/strong> Capacitar o produtor e\/ou trabalhador rural com t\u00e9cnicas adequadas na propaga\u00e7\u00e3o de frutas pelo m\u00e9todo de enxertia.<\/p>\n<p style=\"text-align: justify;\"><strong>Justificativa:<\/strong> A fruticultura apresenta grande import\u00e2ncia socioecon\u00f4mica para o estado de Alagoas, no entanto, para que haja retorno econ\u00f4mico da atividade, faz-se necess\u00e1rio promover a melhoria dos sistemas de produ\u00e7\u00e3o, da qualidade do produto e pre\u00e7os competidores, fatores que est\u00e3o associados aos conhecimentos t\u00e9cnicos para a condu\u00e7\u00e3o adequada da cultura, visando com isso a melhoria da renda do produtor rural.<\/p>\n<p style=\"text-align: justify;\"><strong>Conte\u00fado program\u00e1tico do curso:<\/strong><\/p>\n<p style=\"text-align: justify;\">&#8211; Acordo de conviv\u00eancia<\/p>\n<p style=\"text-align: justify;\">&#8211; Apresenta\u00e7\u00e3o SENAR<\/p>\n<p style=\"text-align: justify;\">&#8211; Higiene pessoal, ambiente, equipamentos<\/p>\n<p style=\"text-align: justify;\">&#8211; Educa\u00e7\u00e3o ambiental<\/p>\n<p style=\"text-align: justify;\">&#8211; Import\u00e2ncia econ\u00f4mica da fruticultura<\/p>\n<p style=\"text-align: justify;\">&#8211; Escolha do local<\/p>\n<p style=\"text-align: justify;\">&#8211; Coleta de amostra do solo<\/p>\n<p style=\"text-align: justify;\">&#8211; Preparo do solo: calagem e aduba\u00e7\u00e3o<\/p>\n<p style=\"text-align: justify;\">&#8211; M\u00e9todo de propaga\u00e7\u00e3o de plantas frut\u00edferas<\/p>\n<p style=\"text-align: justify;\">&#8211; Preparo de mudas<\/p>\n<p style=\"text-align: justify;\">&#8211; Plantio e irriga\u00e7\u00e3o das mudas<\/p>\n<p style=\"text-align: justify;\">&#8211; Aduba\u00e7\u00e3o: qu\u00edmica e\/ou org\u00e2nica<\/p>\n<p style=\"text-align: justify;\">&#8211; Tratos culturais, controle de pragas e doen\u00e7as, controle de ervas daninhas<\/p>\n<p style=\"text-align: justify;\">&#8211; Comercializa\u00e7\u00e3o<\/p>\n<p style=\"text-align: justify;\">&#8211; Avalia\u00e7\u00e3o individual<\/p>\n<p style=\"text-align: justify;\"><strong>Carga hor\u00e1ria:<\/strong> 24 horas<\/p>\n<p style=\"text-align: justify;\"><strong>Participantes:<\/strong> m\u00ednimo 15, m\u00e1ximo 18.<\/p>\n<p style=\"text-align: justify;\"><strong>Pr\u00e9-Requisitos: Ser alfabetizado; N\u00e3o ser totalmente incapaz e ter idade m\u00ednima de 18 anos. <\/strong><\/p>\n","protected":false},"excerpt":{"rendered":"<p>Objetivo: Capacitar o produtor e\/ou trabalhador rural com t\u00e9cnicas adequadas na propaga\u00e7\u00e3o de frutas pelo m\u00e9todo de enxertia. Justificativa: A fruticultura apresenta grande import\u00e2ncia socioecon\u00f4mica para o estado de Alagoas, no entanto, para que haja retorno econ\u00f4mico da atividade, faz-se necess\u00e1rio promover a melhoria dos sistemas de produ\u00e7\u00e3o, da qualidade do produto e pre\u00e7os competidores, [&hellip;]<\/p>\n","protected":false},"author":1,"featured_media":0,"parent":220,"menu_order":0,"comment_status":"closed","ping_status":"closed","template":"","meta":{"footnotes":""},"class_list":["post-460","page","type-page","status-publish","hentry"],"_links":{"self":[{"href":"https:\/\/www.sistemafaeal.org.br\/senar\/wp-json\/wp\/v2\/pages\/460","targetHints":{"allow":["GET"]}}],"collection":[{"href":"https:\/\/www.sistemafaeal.org.br\/senar\/wp-json\/wp\/v2\/pages"}],"about":[{"href":"https:\/\/www.sistemafaeal.org.br\/senar\/wp-json\/wp\/v2\/types\/page"}],"author":[{"embeddable":true,"href":"https:\/\/www.sistemafaeal.org.br\/senar\/wp-json\/wp\/v2\/users\/1"}],"replies":[{"embeddable":true,"href":"https:\/\/www.sistemafaeal.org.br\/senar\/wp-json\/wp\/v2\/comments?post=460"}],"version-history":[{"count":0,"href":"https:\/\/www.sistemafaeal.org.br\/senar\/wp-json\/wp\/v2\/pages\/460\/revisions"}],"up":[{"embeddable":true,"href":"https:\/\/www.sistemafaeal.org.br\/senar\/wp-json\/wp\/v2\/pages\/220"}],"wp:attachment":[{"href":"https:\/\/www.sistemafaeal.org.br\/senar\/wp-json\/wp\/v2\/media?parent=460"}],"curies":[{"name":"wp","href":"https:\/\/api.w.org\/{rel}","templated":true}]}}