{"id":462,"date":"2016-11-28T16:04:00","date_gmt":"2016-11-28T18:04:00","guid":{"rendered":"http:\/\/senar.agropecuaria.ws\/?page_id=462"},"modified":"2016-11-28T16:04:00","modified_gmt":"2016-11-28T18:04:00","slug":"fruticultura-tratos-culturais","status":"publish","type":"page","link":"https:\/\/www.sistemafaeal.org.br\/senar\/atuacao\/formacao-profissional-rural\/cursos\/fruticultura-tratos-culturais\/","title":{"rendered":"Fruticultura Tratos Culturais"},"content":{"rendered":"<p style=\"text-align: justify;\"><strong>Objetivo: <\/strong>Capacitar o produtor e\/ou trabalhador rural no manejo adequado de pragas, doen\u00e7as e podas na fruticultura de forma correta e eficiente, tornando-o competitivo no mercado de trabalho.<\/p>\n<p style=\"text-align: justify;\"><strong>Justificativa: <\/strong>Esse curso proporciona ao produtor rural conhecimentos em novas t\u00e9cnicas de tratos culturais na fruticultura.<\/p>\n<p style=\"text-align: justify;\"><strong>Conte\u00fado Program\u00e1tico:<\/strong><\/p>\n<p style=\"text-align: justify;\">&#8211; Acordo de conviv\u00eancia;<\/p>\n<p style=\"text-align: justify;\">&#8211; Apresenta\u00e7\u00e3o SENAR;<\/p>\n<p style=\"text-align: justify;\">&#8211; Rela\u00e7\u00f5es interpessoais;<\/p>\n<p style=\"text-align: justify;\">&#8211; Higiene pessoal, ambiente e equipamentos;<\/p>\n<p style=\"text-align: justify;\">&#8211; Educa\u00e7\u00e3o ambiental (Lei n\u00ba 9.795 de 27\/04\/1999);<\/p>\n<p style=\"text-align: justify;\">&#8211; Identifica\u00e7\u00e3o de pragas e doen\u00e7as;<\/p>\n<p style=\"text-align: justify;\">&#8211; Controle fitossanit\u00e1rio de pragas e doen\u00e7as;<\/p>\n<p style=\"text-align: justify;\">&#8211; Execu\u00e7\u00e3o e tipos de podas;<\/p>\n<p style=\"text-align: justify;\">&#8211; Forma\u00e7\u00e3o;<\/p>\n<p style=\"text-align: justify;\">&#8211; Condu\u00e7\u00e3o;<\/p>\n<p style=\"text-align: justify;\">&#8211; Limpeza;<\/p>\n<p style=\"text-align: justify;\">&#8211; Rebaixamento;<\/p>\n<p style=\"text-align: justify;\">&#8211; Frutifica\u00e7\u00e3o;<\/p>\n<p style=\"text-align: justify;\">&#8211; Rejuvenescimento;<\/p>\n<p style=\"text-align: justify;\">&#8211; Poliniza\u00e7\u00e3o artificial;<\/p>\n<p style=\"text-align: justify;\">&#8211; Avalia\u00e7\u00e3o<\/p>\n<p style=\"text-align: justify;\"><strong>Carga hor\u00e1ria:<\/strong> 16 horas<\/p>\n<p style=\"text-align: justify;\"><strong>Participantes:<\/strong> m\u00ednimo 15, m\u00e1ximo 18.<\/p>\n<p style=\"text-align: justify;\"><strong>Pr\u00e9-Requisitos: Ser alfabetizado; N\u00e3o ser totalmente incapaz e ter idade m\u00ednima de 18 anos. <\/strong><\/p>\n","protected":false},"excerpt":{"rendered":"<p>Objetivo: Capacitar o produtor e\/ou trabalhador rural no manejo adequado de pragas, doen\u00e7as e podas na fruticultura de forma correta e eficiente, tornando-o competitivo no mercado de trabalho. Justificativa: Esse curso proporciona ao produtor rural conhecimentos em novas t\u00e9cnicas de tratos culturais na fruticultura. Conte\u00fado Program\u00e1tico: &#8211; Acordo de conviv\u00eancia; &#8211; Apresenta\u00e7\u00e3o SENAR; &#8211; Rela\u00e7\u00f5es [&hellip;]<\/p>\n","protected":false},"author":1,"featured_media":0,"parent":220,"menu_order":0,"comment_status":"closed","ping_status":"closed","template":"","meta":{"footnotes":""},"class_list":["post-462","page","type-page","status-publish","hentry"],"_links":{"self":[{"href":"https:\/\/www.sistemafaeal.org.br\/senar\/wp-json\/wp\/v2\/pages\/462","targetHints":{"allow":["GET"]}}],"collection":[{"href":"https:\/\/www.sistemafaeal.org.br\/senar\/wp-json\/wp\/v2\/pages"}],"about":[{"href":"https:\/\/www.sistemafaeal.org.br\/senar\/wp-json\/wp\/v2\/types\/page"}],"author":[{"embeddable":true,"href":"https:\/\/www.sistemafaeal.org.br\/senar\/wp-json\/wp\/v2\/users\/1"}],"replies":[{"embeddable":true,"href":"https:\/\/www.sistemafaeal.org.br\/senar\/wp-json\/wp\/v2\/comments?post=462"}],"version-history":[{"count":0,"href":"https:\/\/www.sistemafaeal.org.br\/senar\/wp-json\/wp\/v2\/pages\/462\/revisions"}],"up":[{"embeddable":true,"href":"https:\/\/www.sistemafaeal.org.br\/senar\/wp-json\/wp\/v2\/pages\/220"}],"wp:attachment":[{"href":"https:\/\/www.sistemafaeal.org.br\/senar\/wp-json\/wp\/v2\/media?parent=462"}],"curies":[{"name":"wp","href":"https:\/\/api.w.org\/{rel}","templated":true}]}}