{"id":464,"date":"2016-11-28T16:05:39","date_gmt":"2016-11-28T18:05:39","guid":{"rendered":"http:\/\/senar.agropecuaria.ws\/?page_id=464"},"modified":"2016-11-28T16:05:39","modified_gmt":"2016-11-28T18:05:39","slug":"inseminacao-artificial","status":"publish","type":"page","link":"https:\/\/www.sistemafaeal.org.br\/senar\/atuacao\/formacao-profissional-rural\/cursos\/inseminacao-artificial\/","title":{"rendered":"Insemina\u00e7\u00e3o Artificial"},"content":{"rendered":"<p style=\"text-align: justify;\"><strong>Objetivo: <\/strong>Capacitar o produtor rural e\/ou trabalhador rural no uso de t\u00e9cnicas adequadas na pr\u00e1tica de insemina\u00e7\u00e3o artificial na bovinocultura<strong>.<\/strong><\/p>\n<p style=\"text-align: justify;\"><strong>Justificativa: <\/strong>Oferece ao trabalhador e\/ou produtor rural o conhecimento necess\u00e1rio para inseminar o rebanho, melhorando assim sua qualidade.<\/p>\n<p style=\"text-align: justify;\"><strong>Conte\u00fado Program\u00e1tico:<\/strong><\/p>\n<p style=\"text-align: justify;\">&#8211; Acordo de Conviv\u00eancia<\/p>\n<p style=\"text-align: justify;\">&#8211; Apresenta\u00e7\u00e3o SENAR<\/p>\n<p style=\"text-align: justify;\">&#8211; Higiene pessoal, ambiente, equipamentos<\/p>\n<p style=\"text-align: justify;\">&#8211; Educa\u00e7\u00e3o Ambiental (Lei n\u00ba 9.795 de 27\/04\/1999).<\/p>\n<p style=\"text-align: justify;\">&#8211; No\u00e7\u00f5es de higiene de materiais, instala\u00e7\u00f5es e equipamentos.<\/p>\n<p style=\"text-align: justify;\">&#8211; Hist\u00f3rico da insemina\u00e7\u00e3o artificial<\/p>\n<p style=\"text-align: justify;\">&#8211; Defini\u00e7\u00e3o e vantagem da insemina\u00e7\u00e3o artificial<\/p>\n<p style=\"text-align: justify;\">&#8211; Sistema genital da vaca<\/p>\n<p style=\"text-align: justify;\">&#8211; S\u00eamen (diluidor, conservador, envase, descongelamento)<\/p>\n<p style=\"text-align: justify;\">&#8211; Botij\u00e3o (cuidados e manuseio)<\/p>\n<p style=\"text-align: justify;\">&#8211; Estudo do Cio (Etapas e sinais do cio)<\/p>\n<p style=\"text-align: justify;\">&#8211; Pr\u00e1tica de insemina\u00e7\u00e3o<\/p>\n<p style=\"text-align: justify;\">&#8211; Avalia\u00e7\u00e3o<\/p>\n<p style=\"text-align: justify;\">Carga hor\u00e1ria: 40 horas<\/p>\n<p style=\"text-align: justify;\"><strong>Participantes:<\/strong> m\u00ednimo 10, m\u00e1ximo 15.<\/p>\n<p style=\"text-align: justify;\"><strong>Pr\u00e9-Requisitos: Ser alfabetizado; N\u00e3o ser totalmente incapaz e ter idade m\u00ednima de 18 anos. <\/strong><\/p>\n","protected":false},"excerpt":{"rendered":"<p>Objetivo: Capacitar o produtor rural e\/ou trabalhador rural no uso de t\u00e9cnicas adequadas na pr\u00e1tica de insemina\u00e7\u00e3o artificial na bovinocultura. Justificativa: Oferece ao trabalhador e\/ou produtor rural o conhecimento necess\u00e1rio para inseminar o rebanho, melhorando assim sua qualidade. Conte\u00fado Program\u00e1tico: &#8211; Acordo de Conviv\u00eancia &#8211; Apresenta\u00e7\u00e3o SENAR &#8211; Higiene pessoal, ambiente, equipamentos &#8211; Educa\u00e7\u00e3o Ambiental [&hellip;]<\/p>\n","protected":false},"author":1,"featured_media":0,"parent":220,"menu_order":0,"comment_status":"closed","ping_status":"closed","template":"","meta":{"footnotes":""},"class_list":["post-464","page","type-page","status-publish","hentry"],"_links":{"self":[{"href":"https:\/\/www.sistemafaeal.org.br\/senar\/wp-json\/wp\/v2\/pages\/464","targetHints":{"allow":["GET"]}}],"collection":[{"href":"https:\/\/www.sistemafaeal.org.br\/senar\/wp-json\/wp\/v2\/pages"}],"about":[{"href":"https:\/\/www.sistemafaeal.org.br\/senar\/wp-json\/wp\/v2\/types\/page"}],"author":[{"embeddable":true,"href":"https:\/\/www.sistemafaeal.org.br\/senar\/wp-json\/wp\/v2\/users\/1"}],"replies":[{"embeddable":true,"href":"https:\/\/www.sistemafaeal.org.br\/senar\/wp-json\/wp\/v2\/comments?post=464"}],"version-history":[{"count":0,"href":"https:\/\/www.sistemafaeal.org.br\/senar\/wp-json\/wp\/v2\/pages\/464\/revisions"}],"up":[{"embeddable":true,"href":"https:\/\/www.sistemafaeal.org.br\/senar\/wp-json\/wp\/v2\/pages\/220"}],"wp:attachment":[{"href":"https:\/\/www.sistemafaeal.org.br\/senar\/wp-json\/wp\/v2\/media?parent=464"}],"curies":[{"name":"wp","href":"https:\/\/api.w.org\/{rel}","templated":true}]}}