{"id":468,"date":"2016-11-28T16:07:56","date_gmt":"2016-11-28T18:07:56","guid":{"rendered":"http:\/\/senar.agropecuaria.ws\/?page_id=468"},"modified":"2016-11-28T16:07:56","modified_gmt":"2016-11-28T18:07:56","slug":"manejo-de-pastagem","status":"publish","type":"page","link":"https:\/\/www.sistemafaeal.org.br\/senar\/atuacao\/formacao-profissional-rural\/cursos\/manejo-de-pastagem\/","title":{"rendered":"Manejo de Pastagem"},"content":{"rendered":"<p style=\"text-align: justify;\"><strong>Objetivo: <\/strong>Manejar racionalmente as pastagens com o objetivo de alcan\u00e7ar o equil\u00edbrio entre o crescimento do pasto, o consumo desta forragem pelos animais e a produ\u00e7\u00e3o de carne e de leite resultante, levando \u00e0 maior rentabilidade da propriedade rural.<\/p>\n<p style=\"text-align: justify;\"><strong>Justificativa:<\/strong> No cen\u00e1rio atual, entende-se a necessidade de utilizar melhor e recuperar pastagens para melhorar a produtividade da atividade a qual o produtor estiver inserido, assim como, melhorar a alimenta\u00e7\u00e3o animal.<\/p>\n<p style=\"text-align: justify;\"><strong>Conte\u00fado Program\u00e1tico:<\/strong><\/p>\n<p style=\"text-align: justify;\">&#8211; Apresenta\u00e7\u00e3o SENAR<\/p>\n<p style=\"text-align: justify;\">&#8211; Contrato de conviv\u00eancia<\/p>\n<p style=\"text-align: justify;\">&#8211; Educa\u00e7\u00e3o Ambiental (Lei n\u00ba. 9.795 de 27\/04\/1999)<\/p>\n<p style=\"text-align: justify;\">&#8211; Reconhecer a regi\u00e3o<\/p>\n<p style=\"text-align: justify;\">&#8211; Aprender como o pasto funciona<\/p>\n<p style=\"text-align: justify;\">&#8211; Identificar as principais esp\u00e9cies forrageiras<\/p>\n<p style=\"text-align: justify;\">&#8211; Diferenciar m\u00e9todos de manejo de pastagem<\/p>\n<p style=\"text-align: justify;\">&#8211; Planejar as estruturas de apoio<\/p>\n<p style=\"text-align: justify;\">&#8211; Manejar o pasto<\/p>\n<p style=\"text-align: justify;\">&#8211; Estabelecer estrat\u00e9gias para o per\u00edodo seco<\/p>\n<p style=\"text-align: justify;\"><strong>Carga hor\u00e1ria:<\/strong> 16 horas<\/p>\n<p style=\"text-align: justify;\"><strong>Participantes:<\/strong> m\u00ednimo 15, m\u00e1ximo 18.<\/p>\n<p style=\"text-align: justify;\"><strong>Pr\u00e9-Requisitos: Ser alfabetizado; N\u00e3o ser totalmente incapaz e ter idade m\u00ednima de 18 anos. <\/strong><\/p>\n","protected":false},"excerpt":{"rendered":"<p>Objetivo: Manejar racionalmente as pastagens com o objetivo de alcan\u00e7ar o equil\u00edbrio entre o crescimento do pasto, o consumo desta forragem pelos animais e a produ\u00e7\u00e3o de carne e de leite resultante, levando \u00e0 maior rentabilidade da propriedade rural. Justificativa: No cen\u00e1rio atual, entende-se a necessidade de utilizar melhor e recuperar pastagens para melhorar a [&hellip;]<\/p>\n","protected":false},"author":1,"featured_media":0,"parent":220,"menu_order":0,"comment_status":"closed","ping_status":"closed","template":"","meta":{"footnotes":""},"class_list":["post-468","page","type-page","status-publish","hentry"],"_links":{"self":[{"href":"https:\/\/www.sistemafaeal.org.br\/senar\/wp-json\/wp\/v2\/pages\/468","targetHints":{"allow":["GET"]}}],"collection":[{"href":"https:\/\/www.sistemafaeal.org.br\/senar\/wp-json\/wp\/v2\/pages"}],"about":[{"href":"https:\/\/www.sistemafaeal.org.br\/senar\/wp-json\/wp\/v2\/types\/page"}],"author":[{"embeddable":true,"href":"https:\/\/www.sistemafaeal.org.br\/senar\/wp-json\/wp\/v2\/users\/1"}],"replies":[{"embeddable":true,"href":"https:\/\/www.sistemafaeal.org.br\/senar\/wp-json\/wp\/v2\/comments?post=468"}],"version-history":[{"count":0,"href":"https:\/\/www.sistemafaeal.org.br\/senar\/wp-json\/wp\/v2\/pages\/468\/revisions"}],"up":[{"embeddable":true,"href":"https:\/\/www.sistemafaeal.org.br\/senar\/wp-json\/wp\/v2\/pages\/220"}],"wp:attachment":[{"href":"https:\/\/www.sistemafaeal.org.br\/senar\/wp-json\/wp\/v2\/media?parent=468"}],"curies":[{"name":"wp","href":"https:\/\/api.w.org\/{rel}","templated":true}]}}