{"id":470,"date":"2016-11-28T16:08:35","date_gmt":"2016-11-28T18:08:35","guid":{"rendered":"http:\/\/senar.agropecuaria.ws\/?page_id=470"},"modified":"2016-11-28T16:08:35","modified_gmt":"2016-11-28T18:08:35","slug":"mecanizacao-agricola","status":"publish","type":"page","link":"https:\/\/www.sistemafaeal.org.br\/senar\/atuacao\/formacao-profissional-rural\/cursos\/mecanizacao-agricola\/","title":{"rendered":"Mecaniza\u00e7\u00e3o Agr\u00edcola"},"content":{"rendered":"<p style=\"text-align: justify;\"><strong>Objetivo:<\/strong> Capacitar o produtor rural e\/ou trabalhador rural na manuten\u00e7\u00e3o de tratores agr\u00edcola, de maneira correta e eficiente.<\/p>\n<p style=\"text-align: justify;\"><strong>Justificativa:<\/strong> A mecaniza\u00e7\u00e3o agr\u00edcola exerce um papel importante, pois al\u00e9m de multiplicar a capacidade produtiva, permite obter maior efici\u00eancia, agregando valores ao sistema.<\/p>\n<p style=\"text-align: justify;\"><strong>Conte\u00fado Program\u00e1tico do Curso:<\/strong><\/p>\n<p style=\"text-align: justify;\">&#8211; Acordo de conviv\u00eancia<\/p>\n<p style=\"text-align: justify;\">&#8211; Apresenta\u00e7\u00e3o do Senar<\/p>\n<p style=\"text-align: justify;\">&#8211; Higiene pessoal, ambiente e equipamentos<\/p>\n<p style=\"text-align: justify;\">&#8211; Educa\u00e7\u00e3o ambiental<\/p>\n<p style=\"text-align: justify;\">&#8211; Conceito de manuten\u00e7\u00e3o<\/p>\n<p style=\"text-align: justify;\">&#8211; Identifica\u00e7\u00e3o do painel de instrumento<\/p>\n<p style=\"text-align: justify;\">&#8211; Sistema hidr\u00e1ulico<\/p>\n<p style=\"text-align: justify;\">&#8211; Sistema de arrefecimento e sistema el\u00e9trico<\/p>\n<p style=\"text-align: justify;\">&#8211; Regulagem das alavancas de comando<\/p>\n<p style=\"text-align: justify;\">&#8211; Manuten\u00e7\u00e3o do sistema de freio, acoplamento e regulagem de implemento<\/p>\n<p style=\"text-align: justify;\">&#8211; Opera\u00e7\u00e3o do trator<\/p>\n<p style=\"text-align: justify;\">&#8211; Discuss\u00e3o sobre a NR \u2013 31\/ Portaria n\u00ba 2546 \u2013 14\/11\/12<\/p>\n<p style=\"text-align: justify;\">&#8211; Avalia\u00e7\u00e3o<\/p>\n<p style=\"text-align: justify;\"><strong>Carga Hor\u00e1ria:<\/strong> 24 horas<\/p>\n<p style=\"text-align: justify;\"><strong>Participantes:<\/strong> m\u00ednimo 15, m\u00e1ximo 18.<\/p>\n<p style=\"text-align: justify;\"><strong>Pr\u00e9-Requisitos: Ser alfabetizado; N\u00e3o ser totalmente incapaz e ter idade m\u00ednima de 18 anos. <\/strong><\/p>\n","protected":false},"excerpt":{"rendered":"<p>Objetivo: Capacitar o produtor rural e\/ou trabalhador rural na manuten\u00e7\u00e3o de tratores agr\u00edcola, de maneira correta e eficiente. Justificativa: A mecaniza\u00e7\u00e3o agr\u00edcola exerce um papel importante, pois al\u00e9m de multiplicar a capacidade produtiva, permite obter maior efici\u00eancia, agregando valores ao sistema. Conte\u00fado Program\u00e1tico do Curso: &#8211; Acordo de conviv\u00eancia &#8211; Apresenta\u00e7\u00e3o do Senar &#8211; Higiene [&hellip;]<\/p>\n","protected":false},"author":1,"featured_media":0,"parent":220,"menu_order":0,"comment_status":"closed","ping_status":"closed","template":"","meta":{"footnotes":""},"class_list":["post-470","page","type-page","status-publish","hentry"],"_links":{"self":[{"href":"https:\/\/www.sistemafaeal.org.br\/senar\/wp-json\/wp\/v2\/pages\/470","targetHints":{"allow":["GET"]}}],"collection":[{"href":"https:\/\/www.sistemafaeal.org.br\/senar\/wp-json\/wp\/v2\/pages"}],"about":[{"href":"https:\/\/www.sistemafaeal.org.br\/senar\/wp-json\/wp\/v2\/types\/page"}],"author":[{"embeddable":true,"href":"https:\/\/www.sistemafaeal.org.br\/senar\/wp-json\/wp\/v2\/users\/1"}],"replies":[{"embeddable":true,"href":"https:\/\/www.sistemafaeal.org.br\/senar\/wp-json\/wp\/v2\/comments?post=470"}],"version-history":[{"count":0,"href":"https:\/\/www.sistemafaeal.org.br\/senar\/wp-json\/wp\/v2\/pages\/470\/revisions"}],"up":[{"embeddable":true,"href":"https:\/\/www.sistemafaeal.org.br\/senar\/wp-json\/wp\/v2\/pages\/220"}],"wp:attachment":[{"href":"https:\/\/www.sistemafaeal.org.br\/senar\/wp-json\/wp\/v2\/media?parent=470"}],"curies":[{"name":"wp","href":"https:\/\/api.w.org\/{rel}","templated":true}]}}