{"id":472,"date":"2016-11-28T16:09:14","date_gmt":"2016-11-28T18:09:14","guid":{"rendered":"http:\/\/senar.agropecuaria.ws\/?page_id=472"},"modified":"2016-12-06T16:28:52","modified_gmt":"2016-12-06T18:28:52","slug":"nocoes-de-combate-a-incendio","status":"publish","type":"page","link":"https:\/\/www.sistemafaeal.org.br\/senar\/atuacao\/formacao-profissional-rural\/cursos\/nocoes-de-combate-a-incendio\/","title":{"rendered":"No\u00e7\u00f5es de Combate a Inc\u00eandio"},"content":{"rendered":"<p style=\"text-align: justify;\"><strong>Objetivo: <\/strong>Capacitar o trabalhador rural no combate \u00e0 inc\u00eandios, de maneira correta e eficiente.<\/p>\n<p style=\"text-align: justify;\"><strong>Justificativa: <\/strong>Proporciona conhecimentos sobre como combater inc\u00eandios, utilizando t\u00e9cnicas seguras que garantem a integridade do trabalhador.<\/p>\n<p style=\"text-align: justify;\"><strong>Conte\u00fado Program\u00e1tico<\/strong>:<\/p>\n<p style=\"text-align: justify;\">&#8211; Acordo de conviv\u00eancia;<\/p>\n<p style=\"text-align: justify;\">&#8211; Apresenta\u00e7\u00e3o SENAR;<\/p>\n<p style=\"text-align: justify;\">&#8211; Higiene pessoal, ambiente e equipamentos; Educa\u00e7\u00e3o ambiental (Lei n\u00ba 9.795 de 27\/04\/1999);<\/p>\n<p style=\"text-align: justify;\">&#8211; Calor, combust\u00e3o e material Combust\u00edvel; M\u00e9todo de extin\u00e7\u00e3o;<\/p>\n<p style=\"text-align: justify;\">&#8211; Combust\u00e3o e elementos da combust\u00e3o; Propaga\u00e7\u00e3o do calor;<\/p>\n<p style=\"text-align: justify;\">&#8211; Classifica\u00e7\u00e3o e identifica\u00e7\u00e3o de extintores;<\/p>\n<p style=\"text-align: justify;\">&#8211; T\u00e9cnicas e t\u00e1ticas de combate a inc\u00eandio<\/p>\n<p style=\"text-align: justify;\"><strong>Carga Hor\u00e1ria:<\/strong> 24 horas<\/p>\n<p style=\"text-align: justify;\"><strong>Participantes:<\/strong> m\u00ednimo 15, m\u00e1ximo 18.<\/p>\n<p style=\"text-align: justify;\"><strong>Pr\u00e9-Requisitos: Ser alfabetizado; N\u00e3o ser totalmente incapaz e ter idade m\u00ednima de 18 anos. <\/strong><\/p>\n","protected":false},"excerpt":{"rendered":"<p>Objetivo: Capacitar o trabalhador rural no combate \u00e0 inc\u00eandios, de maneira correta e eficiente. Justificativa: Proporciona conhecimentos sobre como combater inc\u00eandios, utilizando t\u00e9cnicas seguras que garantem a integridade do trabalhador. Conte\u00fado Program\u00e1tico: &#8211; Acordo de conviv\u00eancia; &#8211; Apresenta\u00e7\u00e3o SENAR; &#8211; Higiene pessoal, ambiente e equipamentos; Educa\u00e7\u00e3o ambiental (Lei n\u00ba 9.795 de 27\/04\/1999); &#8211; Calor, combust\u00e3o [&hellip;]<\/p>\n","protected":false},"author":1,"featured_media":0,"parent":220,"menu_order":0,"comment_status":"closed","ping_status":"closed","template":"","meta":{"footnotes":""},"class_list":["post-472","page","type-page","status-publish","hentry"],"_links":{"self":[{"href":"https:\/\/www.sistemafaeal.org.br\/senar\/wp-json\/wp\/v2\/pages\/472","targetHints":{"allow":["GET"]}}],"collection":[{"href":"https:\/\/www.sistemafaeal.org.br\/senar\/wp-json\/wp\/v2\/pages"}],"about":[{"href":"https:\/\/www.sistemafaeal.org.br\/senar\/wp-json\/wp\/v2\/types\/page"}],"author":[{"embeddable":true,"href":"https:\/\/www.sistemafaeal.org.br\/senar\/wp-json\/wp\/v2\/users\/1"}],"replies":[{"embeddable":true,"href":"https:\/\/www.sistemafaeal.org.br\/senar\/wp-json\/wp\/v2\/comments?post=472"}],"version-history":[{"count":0,"href":"https:\/\/www.sistemafaeal.org.br\/senar\/wp-json\/wp\/v2\/pages\/472\/revisions"}],"up":[{"embeddable":true,"href":"https:\/\/www.sistemafaeal.org.br\/senar\/wp-json\/wp\/v2\/pages\/220"}],"wp:attachment":[{"href":"https:\/\/www.sistemafaeal.org.br\/senar\/wp-json\/wp\/v2\/media?parent=472"}],"curies":[{"name":"wp","href":"https:\/\/api.w.org\/{rel}","templated":true}]}}