{"id":522,"date":"2016-11-28T16:56:36","date_gmt":"2016-11-28T18:56:36","guid":{"rendered":"http:\/\/senar.agropecuaria.ws\/?page_id=522"},"modified":"2016-11-28T16:56:36","modified_gmt":"2016-11-28T18:56:36","slug":"prevencao-de-acidentes","status":"publish","type":"page","link":"https:\/\/www.sistemafaeal.org.br\/senar\/atuacao\/promocao-social\/programas\/prevencao-de-acidentes\/","title":{"rendered":"Preven\u00e7\u00e3o de Acidentes"},"content":{"rendered":"<p><strong>Objetivo: <\/strong>Ensinar t\u00e9cnicas para prevenir os acidentes e, caso ocorram, mostrar o que deve ser feito nos primeiros socorros.<\/p>\n<p><strong>Requisitos:<\/strong><\/p>\n<ul>\n<li>Ter idade m\u00ednima de 18 anos<\/li>\n<li>Ser alfabetizado<\/li>\n<li>Ter condi\u00e7\u00f5es f\u00edsicas e mentais para o exerc\u00edcio da ocupa\u00e7\u00e3o<\/li>\n<li>Ser produtor (a) ou trabalhador (a) rural<\/li>\n<\/ul>\n<p><strong>Carga Hor\u00e1ria: <\/strong>24 horas<\/p>\n","protected":false},"excerpt":{"rendered":"<p>Objetivo: Ensinar t\u00e9cnicas para prevenir os acidentes e, caso ocorram, mostrar o que deve ser feito nos primeiros socorros. Requisitos: Ter idade m\u00ednima de 18 anos Ser alfabetizado Ter condi\u00e7\u00f5es f\u00edsicas e mentais para o exerc\u00edcio da ocupa\u00e7\u00e3o Ser produtor (a) ou trabalhador (a) rural Carga Hor\u00e1ria: 24 horas<\/p>\n","protected":false},"author":1,"featured_media":0,"parent":232,"menu_order":0,"comment_status":"closed","ping_status":"closed","template":"","meta":{"footnotes":""},"class_list":["post-522","page","type-page","status-publish","hentry"],"_links":{"self":[{"href":"https:\/\/www.sistemafaeal.org.br\/senar\/wp-json\/wp\/v2\/pages\/522","targetHints":{"allow":["GET"]}}],"collection":[{"href":"https:\/\/www.sistemafaeal.org.br\/senar\/wp-json\/wp\/v2\/pages"}],"about":[{"href":"https:\/\/www.sistemafaeal.org.br\/senar\/wp-json\/wp\/v2\/types\/page"}],"author":[{"embeddable":true,"href":"https:\/\/www.sistemafaeal.org.br\/senar\/wp-json\/wp\/v2\/users\/1"}],"replies":[{"embeddable":true,"href":"https:\/\/www.sistemafaeal.org.br\/senar\/wp-json\/wp\/v2\/comments?post=522"}],"version-history":[{"count":0,"href":"https:\/\/www.sistemafaeal.org.br\/senar\/wp-json\/wp\/v2\/pages\/522\/revisions"}],"up":[{"embeddable":true,"href":"https:\/\/www.sistemafaeal.org.br\/senar\/wp-json\/wp\/v2\/pages\/232"}],"wp:attachment":[{"href":"https:\/\/www.sistemafaeal.org.br\/senar\/wp-json\/wp\/v2\/media?parent=522"}],"curies":[{"name":"wp","href":"https:\/\/api.w.org\/{rel}","templated":true}]}}